{"id":7773,"date":"2013-06-06T07:33:35","date_gmt":"2013-06-06T11:33:35","guid":{"rendered":"http:\/\/ginocaro.mywhc.ca\/photo\/?page_id=7773"},"modified":"2023-12-17T08:53:48","modified_gmt":"2023-12-17T12:53:48","slug":"agrandissements-impression-de-photo","status":"publish","type":"page","link":"https:\/\/www.gino-caron.com\/photoblog\/agrandissements-impression-de-photo\/","title":{"rendered":"Agrandissement \/ Impression de photo"},"content":{"rendered":"<p>Il est possible d&rsquo;acheter des reproductions de mes photos dans diff\u00e9rents formats.<\/p>\n<p>Voici une liste de prix pour l&rsquo;achat de reproduction dans les formats les plus courants. Veuillez noter qu&rsquo;il est possible d&rsquo;avoir un format personnalis\u00e9, il suffit de me contacter en cliquant sur le lien \u00ab\u00a0<a title=\"Me contacter\" href=\"http:\/\/ginocaro.mywhc.ca\/photo\/contact-form-wts\/\"><em><strong>Contact<\/strong><\/em><\/a>\u00a0\u00bb du menu de gauche.<\/p>\n<p><strong>Liste de prix sur papier photo de qualit\u00e9 sup\u00e9rieure (sans encadrement) :<\/strong><\/p>\n<ul>\n<li>8&#215;12 : 35$<\/li>\n<li>12&#215;18 : 45$<\/li>\n<li>16&#215;24 : 75$<\/li>\n<li>20&#215;30 : 95$<\/li>\n<li>24&#215;36 : 115$<\/li>\n<\/ul>\n<p><strong>Liste de prix pour une impression sur toile mont\u00e9e sur une structure de bois de 3\/4 de pouce (sans encadrement) :<\/strong><\/p>\n<ul>\n<li>8&#215;12 : 75$<\/li>\n<li>12&#215;18 : 90$<\/li>\n<li>16&#215;24 : 125$<\/li>\n<li>20&#215;30 : 155$<\/li>\n<li>24&#215;36 : 180$<\/li>\n<\/ul>\n<p>Si vous d\u00e9sirez avoir une reproduction sur un autre type de m\u00e9dium, veuillez me contacter en cliquant <a title=\"Me contacter\" href=\"https:\/\/www.gino-caron.com\/photoblog\/contact-form-wts\/\"><em><strong>ici<\/strong><\/em><\/a>.<\/p>\n","protected":false},"excerpt":{"rendered":"<p>Il est possible d&rsquo;acheter des reproductions de mes photos dans diff\u00e9rents formats. Voici une liste de prix pour l&rsquo;achat de reproduction dans les formats les plus courants. Veuillez noter qu&rsquo;il est possible d&rsquo;avoir un format personnalis\u00e9, il suffit de me contacter en cliquant sur le lien \u00ab\u00a0Contact\u00a0\u00bb du menu de gauche. Liste de prix sur [&hellip;]<\/p>\n","protected":false},"author":3,"featured_media":0,"parent":0,"menu_order":0,"comment_status":"closed","ping_status":"open","template":"page-wrapped.php","meta":{"footnotes":""},"class_list":["post-7773","page","type-page","status-publish","hentry"],"yoast_head":"<!-- This site is optimized with the Yoast SEO plugin v26.9 - https:\/\/yoast.com\/product\/yoast-seo-wordpress\/ -->\n<title>Agrandissement \/ Impression de photo - Gino Caron Photographe<\/title>\n<meta name=\"robots\" content=\"index, follow, max-snippet:-1, max-image-preview:large, max-video-preview:-1\" \/>\n<link rel=\"canonical\" href=\"https:\/\/www.gino-caron.com\/photoblog\/agrandissements-impression-de-photo\/\" \/>\n<meta property=\"og:locale\" content=\"fr_FR\" \/>\n<meta property=\"og:type\" content=\"article\" \/>\n<meta property=\"og:title\" content=\"Agrandissement \/ Impression de photo - Gino Caron Photographe\" \/>\n<meta property=\"og:description\" content=\"Il est possible d&rsquo;acheter des reproductions de mes photos dans diff\u00e9rents formats. Voici une liste de prix pour l&rsquo;achat de reproduction dans les formats les plus courants. Veuillez noter qu&rsquo;il est possible d&rsquo;avoir un format personnalis\u00e9, il suffit de me contacter en cliquant sur le lien \u00ab\u00a0Contact\u00a0\u00bb du menu de gauche. Liste de prix sur [&hellip;]\" \/>\n<meta property=\"og:url\" content=\"https:\/\/www.gino-caron.com\/photoblog\/agrandissements-impression-de-photo\/\" \/>\n<meta property=\"og:site_name\" content=\"Gino Caron Photographe\" \/>\n<meta property=\"article:publisher\" content=\"https:\/\/www.facebook.com\/Gino.Caron.Photo\" \/>\n<meta property=\"article:modified_time\" content=\"2023-12-17T12:53:48+00:00\" \/>\n<meta property=\"og:image\" content=\"https:\/\/www.gino-caron.com\/photoblog\/wp-content\/uploads\/2024\/08\/DSC01323-1-copy.png\" \/>\n\t<meta property=\"og:image:width\" content=\"1423\" \/>\n\t<meta property=\"og:image:height\" content=\"1160\" \/>\n\t<meta property=\"og:image:type\" content=\"image\/png\" \/>\n<meta name=\"twitter:card\" content=\"summary_large_image\" \/>\n<meta name=\"twitter:site\" content=\"@GinoCaron\" \/>\n<meta name=\"twitter:label1\" content=\"Dur\u00e9e de lecture estim\u00e9e\" \/>\n\t<meta name=\"twitter:data1\" content=\"1 minute\" \/>\n<script type=\"application\/ld+json\" class=\"yoast-schema-graph\">{\"@context\":\"https:\/\/schema.org\",\"@graph\":[{\"@type\":\"WebPage\",\"@id\":\"https:\/\/www.gino-caron.com\/photoblog\/agrandissements-impression-de-photo\/\",\"url\":\"https:\/\/www.gino-caron.com\/photoblog\/agrandissements-impression-de-photo\/\",\"name\":\"Agrandissement \/ Impression de photo - Gino Caron Photographe\",\"isPartOf\":{\"@id\":\"https:\/\/www.gino-caron.com\/photoblog\/#website\"},\"datePublished\":\"2013-06-06T11:33:35+00:00\",\"dateModified\":\"2023-12-17T12:53:48+00:00\",\"breadcrumb\":{\"@id\":\"https:\/\/www.gino-caron.com\/photoblog\/agrandissements-impression-de-photo\/#breadcrumb\"},\"inLanguage\":\"fr-FR\",\"potentialAction\":[{\"@type\":\"ReadAction\",\"target\":[\"https:\/\/www.gino-caron.com\/photoblog\/agrandissements-impression-de-photo\/\"]}]},{\"@type\":\"BreadcrumbList\",\"@id\":\"https:\/\/www.gino-caron.com\/photoblog\/agrandissements-impression-de-photo\/#breadcrumb\",\"itemListElement\":[{\"@type\":\"ListItem\",\"position\":1,\"name\":\"Accueil\",\"item\":\"https:\/\/www.gino-caron.com\/photoblog\/\"},{\"@type\":\"ListItem\",\"position\":2,\"name\":\"Agrandissement \/ Impression de photo\"}]},{\"@type\":\"WebSite\",\"@id\":\"https:\/\/www.gino-caron.com\/photoblog\/#website\",\"url\":\"https:\/\/www.gino-caron.com\/photoblog\/\",\"name\":\"Gino Caron Photographe\",\"description\":\"Photographe professionnel de la r\u00e9gion de Rimouski - Mont-Joli. Photo a\u00e9rienne, immobili\u00e8re, paysage, mariage, impression photo, photo num\u00e9rique.\",\"publisher\":{\"@id\":\"https:\/\/www.gino-caron.com\/photoblog\/#organization\"},\"potentialAction\":[{\"@type\":\"SearchAction\",\"target\":{\"@type\":\"EntryPoint\",\"urlTemplate\":\"https:\/\/www.gino-caron.com\/photoblog\/?s={search_term_string}\"},\"query-input\":{\"@type\":\"PropertyValueSpecification\",\"valueRequired\":true,\"valueName\":\"search_term_string\"}}],\"inLanguage\":\"fr-FR\"},{\"@type\":\"Organization\",\"@id\":\"https:\/\/www.gino-caron.com\/photoblog\/#organization\",\"name\":\"Gino Caron Photographe\",\"url\":\"https:\/\/www.gino-caron.com\/photoblog\/\",\"logo\":{\"@type\":\"ImageObject\",\"inLanguage\":\"fr-FR\",\"@id\":\"https:\/\/www.gino-caron.com\/photoblog\/#\/schema\/logo\/image\/\",\"url\":\"https:\/\/www.gino-caron.com\/photoblog\/wp-content\/uploads\/2024\/08\/sign_v3.png\",\"contentUrl\":\"https:\/\/www.gino-caron.com\/photoblog\/wp-content\/uploads\/2024\/08\/sign_v3.png\",\"width\":584,\"height\":442,\"caption\":\"Gino Caron Photographe\"},\"image\":{\"@id\":\"https:\/\/www.gino-caron.com\/photoblog\/#\/schema\/logo\/image\/\"},\"sameAs\":[\"https:\/\/www.facebook.com\/Gino.Caron.Photo\",\"https:\/\/x.com\/GinoCaron\",\"https:\/\/www.instagram.com\/ginocaron\/\"]}]}<\/script>\n<!-- \/ Yoast SEO plugin. -->","yoast_head_json":{"title":"Agrandissement \/ Impression de photo - Gino Caron Photographe","robots":{"index":"index","follow":"follow","max-snippet":"max-snippet:-1","max-image-preview":"max-image-preview:large","max-video-preview":"max-video-preview:-1"},"canonical":"https:\/\/www.gino-caron.com\/photoblog\/agrandissements-impression-de-photo\/","og_locale":"fr_FR","og_type":"article","og_title":"Agrandissement \/ Impression de photo - Gino Caron Photographe","og_description":"Il est possible d&rsquo;acheter des reproductions de mes photos dans diff\u00e9rents formats. Voici une liste de prix pour l&rsquo;achat de reproduction dans les formats les plus courants. Veuillez noter qu&rsquo;il est possible d&rsquo;avoir un format personnalis\u00e9, il suffit de me contacter en cliquant sur le lien \u00ab\u00a0Contact\u00a0\u00bb du menu de gauche. Liste de prix sur [&hellip;]","og_url":"https:\/\/www.gino-caron.com\/photoblog\/agrandissements-impression-de-photo\/","og_site_name":"Gino Caron Photographe","article_publisher":"https:\/\/www.facebook.com\/Gino.Caron.Photo","article_modified_time":"2023-12-17T12:53:48+00:00","og_image":[{"width":1423,"height":1160,"url":"https:\/\/www.gino-caron.com\/photoblog\/wp-content\/uploads\/2024\/08\/DSC01323-1-copy.png","type":"image\/png"}],"twitter_card":"summary_large_image","twitter_site":"@GinoCaron","twitter_misc":{"Dur\u00e9e de lecture estim\u00e9e":"1 minute"},"schema":{"@context":"https:\/\/schema.org","@graph":[{"@type":"WebPage","@id":"https:\/\/www.gino-caron.com\/photoblog\/agrandissements-impression-de-photo\/","url":"https:\/\/www.gino-caron.com\/photoblog\/agrandissements-impression-de-photo\/","name":"Agrandissement \/ Impression de photo - Gino Caron Photographe","isPartOf":{"@id":"https:\/\/www.gino-caron.com\/photoblog\/#website"},"datePublished":"2013-06-06T11:33:35+00:00","dateModified":"2023-12-17T12:53:48+00:00","breadcrumb":{"@id":"https:\/\/www.gino-caron.com\/photoblog\/agrandissements-impression-de-photo\/#breadcrumb"},"inLanguage":"fr-FR","potentialAction":[{"@type":"ReadAction","target":["https:\/\/www.gino-caron.com\/photoblog\/agrandissements-impression-de-photo\/"]}]},{"@type":"BreadcrumbList","@id":"https:\/\/www.gino-caron.com\/photoblog\/agrandissements-impression-de-photo\/#breadcrumb","itemListElement":[{"@type":"ListItem","position":1,"name":"Accueil","item":"https:\/\/www.gino-caron.com\/photoblog\/"},{"@type":"ListItem","position":2,"name":"Agrandissement \/ Impression de photo"}]},{"@type":"WebSite","@id":"https:\/\/www.gino-caron.com\/photoblog\/#website","url":"https:\/\/www.gino-caron.com\/photoblog\/","name":"Gino Caron Photographe","description":"Photographe professionnel de la r\u00e9gion de Rimouski - Mont-Joli. Photo a\u00e9rienne, immobili\u00e8re, paysage, mariage, impression photo, photo num\u00e9rique.","publisher":{"@id":"https:\/\/www.gino-caron.com\/photoblog\/#organization"},"potentialAction":[{"@type":"SearchAction","target":{"@type":"EntryPoint","urlTemplate":"https:\/\/www.gino-caron.com\/photoblog\/?s={search_term_string}"},"query-input":{"@type":"PropertyValueSpecification","valueRequired":true,"valueName":"search_term_string"}}],"inLanguage":"fr-FR"},{"@type":"Organization","@id":"https:\/\/www.gino-caron.com\/photoblog\/#organization","name":"Gino Caron Photographe","url":"https:\/\/www.gino-caron.com\/photoblog\/","logo":{"@type":"ImageObject","inLanguage":"fr-FR","@id":"https:\/\/www.gino-caron.com\/photoblog\/#\/schema\/logo\/image\/","url":"https:\/\/www.gino-caron.com\/photoblog\/wp-content\/uploads\/2024\/08\/sign_v3.png","contentUrl":"https:\/\/www.gino-caron.com\/photoblog\/wp-content\/uploads\/2024\/08\/sign_v3.png","width":584,"height":442,"caption":"Gino Caron Photographe"},"image":{"@id":"https:\/\/www.gino-caron.com\/photoblog\/#\/schema\/logo\/image\/"},"sameAs":["https:\/\/www.facebook.com\/Gino.Caron.Photo","https:\/\/x.com\/GinoCaron","https:\/\/www.instagram.com\/ginocaron\/"]}]}},"_links":{"self":[{"href":"https:\/\/www.gino-caron.com\/photoblog\/wp-json\/wp\/v2\/pages\/7773","targetHints":{"allow":["GET"]}}],"collection":[{"href":"https:\/\/www.gino-caron.com\/photoblog\/wp-json\/wp\/v2\/pages"}],"about":[{"href":"https:\/\/www.gino-caron.com\/photoblog\/wp-json\/wp\/v2\/types\/page"}],"author":[{"embeddable":true,"href":"https:\/\/www.gino-caron.com\/photoblog\/wp-json\/wp\/v2\/users\/3"}],"replies":[{"embeddable":true,"href":"https:\/\/www.gino-caron.com\/photoblog\/wp-json\/wp\/v2\/comments?post=7773"}],"version-history":[{"count":13,"href":"https:\/\/www.gino-caron.com\/photoblog\/wp-json\/wp\/v2\/pages\/7773\/revisions"}],"predecessor-version":[{"id":16284,"href":"https:\/\/www.gino-caron.com\/photoblog\/wp-json\/wp\/v2\/pages\/7773\/revisions\/16284"}],"wp:attachment":[{"href":"https:\/\/www.gino-caron.com\/photoblog\/wp-json\/wp\/v2\/media?parent=7773"}],"curies":[{"name":"wp","href":"https:\/\/api.w.org\/{rel}","templated":true}]}}

<p>Il est possible d&rsquo;acheter des reproductions de mes photos dans différents formats.</p>
<p>Voici une liste de prix pour l&rsquo;achat de reproduction dans les formats les plus courants. Veuillez noter qu&rsquo;il est possible d&rsquo;avoir un format personnalisé, il suffit de me contacter en cliquant sur le lien « <a title="Me contacter" href="http://ginocaro.mywhc.ca/photo/contact-form-wts/"><em><strong>Contact</strong></em></a> » du menu de gauche.</p>
<p><strong>Liste de prix sur papier photo de qualité supérieure (sans encadrement) :</strong></p>
<ul>
<li>8&#215;12 : 35$</li>
<li>12&#215;18 : 45$</li>
<li>16&#215;24 : 75$</li>
<li>20&#215;30 : 95$</li>
<li>24&#215;36 : 115$</li>
</ul>
<p><strong>Liste de prix pour une impression sur toile montée sur une structure de bois de 3/4 de pouce (sans encadrement) :</strong></p>
<ul>
<li>8&#215;12 : 75$</li>
<li>12&#215;18 : 90$</li>
<li>16&#215;24 : 125$</li>
<li>20&#215;30 : 155$</li>
<li>24&#215;36 : 180$</li>
</ul>
<p>Si vous désirez avoir une reproduction sur un autre type de médium, veuillez me contacter en cliquant <a title="Me contacter" href="https://www.gino-caron.com/photoblog/contact-form-wts/"><em><strong>ici</strong></em></a>.</p>

<p>Il est possible d&rsquo;acheter des reproductions de mes photos dans différents formats. Voici une liste de prix pour l&rsquo;achat de reproduction dans les formats les plus courants. Veuillez noter qu&rsquo;il est possible d&rsquo;avoir un format personnalisé, il suffit de me contacter en cliquant sur le lien « Contact » du menu de gauche. Liste de prix sur [&hellip;]</p>

<!-- This site is optimized with the Yoast SEO plugin v26.9 - https://yoast.com/product/yoast-seo-wordpress/ -->
<title>Agrandissement / Impression de photo - Gino Caron Photographe</title>
<meta name="robots" content="index, follow, max-snippet:-1, max-image-preview:large, max-video-preview:-1" />
<link rel="canonical" href="https://www.gino-caron.com/photoblog/agrandissements-impression-de-photo/" />
<meta property="og:locale" content="fr_FR" />
<meta property="og:type" content="article" />
<meta property="og:title" content="Agrandissement / Impression de photo - Gino Caron Photographe" />
<meta property="og:description" content="Il est possible d&rsquo;acheter des reproductions de mes photos dans différents formats. Voici une liste de prix pour l&rsquo;achat de reproduction dans les formats les plus courants. Veuillez noter qu&rsquo;il est possible d&rsquo;avoir un format personnalisé, il suffit de me contacter en cliquant sur le lien « Contact » du menu de gauche. Liste de prix sur [&hellip;]" />
<meta property="og:url" content="https://www.gino-caron.com/photoblog/agrandissements-impression-de-photo/" />
<meta property="og:site_name" content="Gino Caron Photographe" />
<meta property="article:publisher" content="https://www.facebook.com/Gino.Caron.Photo" />
<meta property="article:modified_time" content="2023-12-17T12:53:48+00:00" />
<meta property="og:image" content="https://www.gino-caron.com/photoblog/wp-content/uploads/2024/08/DSC01323-1-copy.png" />
	<meta property="og:image:width" content="1423" />
	<meta property="og:image:height" content="1160" />
	<meta property="og:image:type" content="image/png" />
<meta name="twitter:card" content="summary_large_image" />
<meta name="twitter:site" content="@GinoCaron" />
<meta name="twitter:label1" content="Durée de lecture estimée" />
	<meta name="twitter:data1" content="1 minute" />
<script type="application/ld+json" class="yoast-schema-graph">{"@context":"https://schema.org","@graph":[{"@type":"WebPage","@id":"https://www.gino-caron.com/photoblog/agrandissements-impression-de-photo/","url":"https://www.gino-caron.com/photoblog/agrandissements-impression-de-photo/","name":"Agrandissement / Impression de photo - Gino Caron Photographe","isPartOf":{"@id":"https://www.gino-caron.com/photoblog/#website"},"datePublished":"2013-06-06T11:33:35+00:00","dateModified":"2023-12-17T12:53:48+00:00","breadcrumb":{"@id":"https://www.gino-caron.com/photoblog/agrandissements-impression-de-photo/#breadcrumb"},"inLanguage":"fr-FR","potentialAction":[{"@type":"ReadAction","target":["https://www.gino-caron.com/photoblog/agrandissements-impression-de-photo/"]}]},{"@type":"BreadcrumbList","@id":"https://www.gino-caron.com/photoblog/agrandissements-impression-de-photo/#breadcrumb","itemListElement":[{"@type":"ListItem","position":1,"name":"Accueil","item":"https://www.gino-caron.com/photoblog/"},{"@type":"ListItem","position":2,"name":"Agrandissement / Impression de photo"}]},{"@type":"WebSite","@id":"https://www.gino-caron.com/photoblog/#website","url":"https://www.gino-caron.com/photoblog/","name":"Gino Caron Photographe","description":"Photographe professionnel de la région de Rimouski - Mont-Joli. Photo aérienne, immobilière, paysage, mariage, impression photo, photo numérique.","publisher":{"@id":"https://www.gino-caron.com/photoblog/#organization"},"potentialAction":[{"@type":"SearchAction","target":{"@type":"EntryPoint","urlTemplate":"https://www.gino-caron.com/photoblog/?s={search_term_string}"},"query-input":{"@type":"PropertyValueSpecification","valueRequired":true,"valueName":"search_term_string"}}],"inLanguage":"fr-FR"},{"@type":"Organization","@id":"https://www.gino-caron.com/photoblog/#organization","name":"Gino Caron Photographe","url":"https://www.gino-caron.com/photoblog/","logo":{"@type":"ImageObject","inLanguage":"fr-FR","@id":"https://www.gino-caron.com/photoblog/#/schema/logo/image/","url":"https://www.gino-caron.com/photoblog/wp-content/uploads/2024/08/sign_v3.png","contentUrl":"https://www.gino-caron.com/photoblog/wp-content/uploads/2024/08/sign_v3.png","width":584,"height":442,"caption":"Gino Caron Photographe"},"image":{"@id":"https://www.gino-caron.com/photoblog/#/schema/logo/image/"},"sameAs":["https://www.facebook.com/Gino.Caron.Photo","https://x.com/GinoCaron","https://www.instagram.com/ginocaron/"]}]}</script>
<!-- / Yoast SEO plugin. -->

Il est possible d&rsquo;acheter des reproductions de mes photos dans différents formats. Voici une liste de prix pour l&rsquo;achat de reproduction dans les formats les plus courants. Veuillez noter qu&rsquo;il est possible d&rsquo;avoir un format personnalisé, il suffit de me contacter en cliquant sur le lien « Contact » du menu de gauche. Liste de prix sur [&hellip;]

Photographe professionnel de la région de Rimouski - Mont-Joli. Photo aérienne, immobilière, paysage, mariage, impression photo, photo numérique.
