{"version":"1.0","provider_name":"Gino Caron Photographe","provider_url":"https:\/\/www.gino-caron.com\/photoblog","author_name":"Gino Caron","author_url":"https:\/\/www.gino-caron.com\/photoblog\/author\/electro76\/","title":"Vent et froid - Gino Caron Photographe","type":"rich","width":600,"height":338,"html":"<blockquote class=\"wp-embedded-content\" data-secret=\"xy9huz2kTO\"><a href=\"https:\/\/www.gino-caron.com\/photoblog\/vent-et-froid\/\">Vent et froid<\/a><\/blockquote><iframe sandbox=\"allow-scripts\" security=\"restricted\" src=\"https:\/\/www.gino-caron.com\/photoblog\/vent-et-froid\/embed\/#?secret=xy9huz2kTO\" width=\"600\" height=\"338\" title=\"\u00ab\u00a0Vent et froid\u00a0\u00bb &#8212; Gino Caron Photographe\" data-secret=\"xy9huz2kTO\" frameborder=\"0\" marginwidth=\"0\" marginheight=\"0\" scrolling=\"no\" class=\"wp-embedded-content\"><\/iframe><script type=\"text\/javascript\">\n\/* <![CDATA[ *\/\n\/*! This file is auto-generated *\/\n!function(d,l){\"use strict\";l.querySelector&&d.addEventListener&&\"undefined\"!=typeof URL&&(d.wp=d.wp||{},d.wp.receiveEmbedMessage||(d.wp.receiveEmbedMessage=function(e){var t=e.data;if((t||t.secret||t.message||t.value)&&!\/[^a-zA-Z0-9]\/.test(t.secret)){for(var s,r,n,a=l.querySelectorAll('iframe[data-secret=\"'+t.secret+'\"]'),o=l.querySelectorAll('blockquote[data-secret=\"'+t.secret+'\"]'),c=new RegExp(\"^https?:$\",\"i\"),i=0;i<o.length;i++)o[i].style.display=\"none\";for(i=0;i<a.length;i++)s=a[i],e.source===s.contentWindow&&(s.removeAttribute(\"style\"),\"height\"===t.message?(1e3<(r=parseInt(t.value,10))?r=1e3:~~r<200&&(r=200),s.height=r):\"link\"===t.message&&(r=new URL(s.getAttribute(\"src\")),n=new URL(t.value),c.test(n.protocol))&&n.host===r.host&&l.activeElement===s&&(d.top.location.href=t.value))}},d.addEventListener(\"message\",d.wp.receiveEmbedMessage,!1),l.addEventListener(\"DOMContentLoaded\",function(){for(var e,t,s=l.querySelectorAll(\"iframe.wp-embedded-content\"),r=0;r<s.length;r++)(t=(e=s[r]).getAttribute(\"data-secret\"))||(t=Math.random().toString(36).substring(2,12),e.src+=\"#?secret=\"+t,e.setAttribute(\"data-secret\",t)),e.contentWindow.postMessage({message:\"ready\",secret:t},\"*\")},!1)))}(window,document);\n\/\/# sourceURL=https:\/\/www.gino-caron.com\/photoblog\/wp-includes\/js\/wp-embed.min.js\n\/* ]]> *\/\n<\/script>\n","thumbnail_url":"https:\/\/www.gino-caron.com\/photoblog\/wp-content\/uploads\/2016\/02\/DSC00206.jpg","thumbnail_width":960,"thumbnail_height":640,"description":"Sur cette terre fig\u00e9e, o\u00f9 le vent hivernal sculpte des vagues immobiles sur un oc\u00e9an de neige, le ciel, vaste et indompt\u00e9, se drape de nuages aux formes changeantes. La lumi\u00e8re filtre \u00e0 travers eux, offrant des \u00e9clats de clart\u00e9 sur la terre endormie, promesse d&rsquo;un r\u00e9veil sous la froide \u00e9treinte de l&rsquo;hiver. Au loin, [&hellip;]"}

Sur cette terre figée, où le vent hivernal sculpte des vagues immobiles sur un océan de neige, le ciel, vaste et indompté, se drape de nuages aux formes changeantes. La lumière filtre à travers eux, offrant des éclats de clarté sur la terre endormie, promesse d&rsquo;un réveil sous la froide étreinte de l&rsquo;hiver. Au loin, [&hellip;]
