{"version":"1.0","provider_name":"Gino Caron Photographe","provider_url":"https:\/\/www.gino-caron.com\/photoblog","author_name":"Gino Caron","author_url":"https:\/\/www.gino-caron.com\/photoblog\/author\/electro76\/","title":"Un peu de printemps \u00e0 St-Donat - Gino Caron Photographe","type":"rich","width":600,"height":338,"html":"<blockquote class=\"wp-embedded-content\" data-secret=\"xGB5gP5CqX\"><a href=\"https:\/\/www.gino-caron.com\/photoblog\/un-peu-de-printemps-a-st-donat\/\">Un peu de printemps \u00e0 St-Donat<\/a><\/blockquote><iframe sandbox=\"allow-scripts\" security=\"restricted\" src=\"https:\/\/www.gino-caron.com\/photoblog\/un-peu-de-printemps-a-st-donat\/embed\/#?secret=xGB5gP5CqX\" width=\"600\" height=\"338\" title=\"\u00ab\u00a0Un peu de printemps \u00e0 St-Donat\u00a0\u00bb &#8212; Gino Caron Photographe\" data-secret=\"xGB5gP5CqX\" frameborder=\"0\" marginwidth=\"0\" marginheight=\"0\" scrolling=\"no\" class=\"wp-embedded-content\"><\/iframe><script type=\"text\/javascript\">\n\/* <![CDATA[ *\/\n\/*! This file is auto-generated *\/\n!function(d,l){\"use strict\";l.querySelector&&d.addEventListener&&\"undefined\"!=typeof URL&&(d.wp=d.wp||{},d.wp.receiveEmbedMessage||(d.wp.receiveEmbedMessage=function(e){var t=e.data;if((t||t.secret||t.message||t.value)&&!\/[^a-zA-Z0-9]\/.test(t.secret)){for(var s,r,n,a=l.querySelectorAll('iframe[data-secret=\"'+t.secret+'\"]'),o=l.querySelectorAll('blockquote[data-secret=\"'+t.secret+'\"]'),c=new RegExp(\"^https?:$\",\"i\"),i=0;i<o.length;i++)o[i].style.display=\"none\";for(i=0;i<a.length;i++)s=a[i],e.source===s.contentWindow&&(s.removeAttribute(\"style\"),\"height\"===t.message?(1e3<(r=parseInt(t.value,10))?r=1e3:~~r<200&&(r=200),s.height=r):\"link\"===t.message&&(r=new URL(s.getAttribute(\"src\")),n=new URL(t.value),c.test(n.protocol))&&n.host===r.host&&l.activeElement===s&&(d.top.location.href=t.value))}},d.addEventListener(\"message\",d.wp.receiveEmbedMessage,!1),l.addEventListener(\"DOMContentLoaded\",function(){for(var e,t,s=l.querySelectorAll(\"iframe.wp-embedded-content\"),r=0;r<s.length;r++)(t=(e=s[r]).getAttribute(\"data-secret\"))||(t=Math.random().toString(36).substring(2,12),e.src+=\"#?secret=\"+t,e.setAttribute(\"data-secret\",t)),e.contentWindow.postMessage({message:\"ready\",secret:t},\"*\")},!1)))}(window,document);\n\/\/# sourceURL=https:\/\/www.gino-caron.com\/photoblog\/wp-includes\/js\/wp-embed.min.js\n\/* ]]> *\/\n<\/script>\n","thumbnail_url":"https:\/\/www.gino-caron.com\/photoblog\/wp-content\/uploads\/2025\/06\/PANO0355-Panorama-2-copy.jpg","thumbnail_width":1500,"thumbnail_height":915,"description":"Un souffle de lumi\u00e8re dor\u00e9e caresse les vallons de Saint-Donat, o\u00f9 les champs verdoyants ondulent doucement sous le ciel pastel d\u2019un soir paisible. La for\u00eat, dense et lumineuse, d\u00e9ploie ses jeunes feuillages d\u2019un vert \u00e9clatant, comme une mer v\u00e9g\u00e9tale au bord du printemps. Au loin, le village s\u2019\u00e9tire, humble et tranquille, entre les collines douces [&hellip;]"}

Un peu de printemps à St-Donat - Gino Caron Photographe

<blockquote class="wp-embedded-content" data-secret="xGB5gP5CqX"><a href="https://www.gino-caron.com/photoblog/un-peu-de-printemps-a-st-donat/">Un peu de printemps à St-Donat</a></blockquote><iframe sandbox="allow-scripts" security="restricted" src="https://www.gino-caron.com/photoblog/un-peu-de-printemps-a-st-donat/embed/#?secret=xGB5gP5CqX" width="600" height="338" title="« Un peu de printemps à St-Donat » &#8212; Gino Caron Photographe" data-secret="xGB5gP5CqX" frameborder="0" marginwidth="0" marginheight="0" scrolling="no" class="wp-embedded-content"></iframe><script type="text/javascript">
/* <![CDATA[ */
/*! This file is auto-generated */
!function(d,l){"use strict";l.querySelector&&d.addEventListener&&"undefined"!=typeof URL&&(d.wp=d.wp||{},d.wp.receiveEmbedMessage||(d.wp.receiveEmbedMessage=function(e){var t=e.data;if((t||t.secret||t.message||t.value)&&!/[^a-zA-Z0-9]/.test(t.secret)){for(var s,r,n,a=l.querySelectorAll('iframe[data-secret="'+t.secret+'"]'),o=l.querySelectorAll('blockquote[data-secret="'+t.secret+'"]'),c=new RegExp("^https?:$","i"),i=0;i<o.length;i++)o[i].style.display="none";for(i=0;i<a.length;i++)s=a[i],e.source===s.contentWindow&&(s.removeAttribute("style"),"height"===t.message?(1e3<(r=parseInt(t.value,10))?r=1e3:~~r<200&&(r=200),s.height=r):"link"===t.message&&(r=new URL(s.getAttribute("src")),n=new URL(t.value),c.test(n.protocol))&&n.host===r.host&&l.activeElement===s&&(d.top.location.href=t.value))}},d.addEventListener("message",d.wp.receiveEmbedMessage,!1),l.addEventListener("DOMContentLoaded",function(){for(var e,t,s=l.querySelectorAll("iframe.wp-embedded-content"),r=0;r<s.length;r++)(t=(e=s[r]).getAttribute("data-secret"))||(t=Math.random().toString(36).substring(2,12),e.src+="#?secret="+t,e.setAttribute("data-secret",t)),e.contentWindow.postMessage({message:"ready",secret:t},"*")},!1)))}(window,document);
//# sourceURL=https://www.gino-caron.com/photoblog/wp-includes/js/wp-embed.min.js
/* ]]> */
</script>

Un souffle de lumière dorée caresse les vallons de Saint-Donat, où les champs verdoyants ondulent doucement sous le ciel pastel d’un soir paisible. La forêt, dense et lumineuse, déploie ses jeunes feuillages d’un vert éclatant, comme une mer végétale au bord du printemps. Au loin, le village s’étire, humble et tranquille, entre les collines douces [&hellip;]
