{"version":"1.0","provider_name":"Gino Caron Photographe","provider_url":"https:\/\/www.gino-caron.com\/photoblog","author_name":"Gino Caron","author_url":"https:\/\/www.gino-caron.com\/photoblog\/author\/electro76\/","title":"Matin de fin d'hiver sous la brume - Gino Caron Photographe","type":"rich","width":600,"height":338,"html":"<blockquote class=\"wp-embedded-content\" data-secret=\"6jFDrzsPBl\"><a href=\"https:\/\/www.gino-caron.com\/photoblog\/matin-de-fin-dhiver-sous-la-brume\/\">Matin de fin d&rsquo;hiver sous la brume<\/a><\/blockquote><iframe sandbox=\"allow-scripts\" security=\"restricted\" src=\"https:\/\/www.gino-caron.com\/photoblog\/matin-de-fin-dhiver-sous-la-brume\/embed\/#?secret=6jFDrzsPBl\" width=\"600\" height=\"338\" title=\"\u00ab\u00a0Matin de fin d&rsquo;hiver sous la brume\u00a0\u00bb &#8212; Gino Caron Photographe\" data-secret=\"6jFDrzsPBl\" frameborder=\"0\" marginwidth=\"0\" marginheight=\"0\" scrolling=\"no\" class=\"wp-embedded-content\"><\/iframe><script type=\"text\/javascript\">\n\/* <![CDATA[ *\/\n\/*! This file is auto-generated *\/\n!function(d,l){\"use strict\";l.querySelector&&d.addEventListener&&\"undefined\"!=typeof URL&&(d.wp=d.wp||{},d.wp.receiveEmbedMessage||(d.wp.receiveEmbedMessage=function(e){var t=e.data;if((t||t.secret||t.message||t.value)&&!\/[^a-zA-Z0-9]\/.test(t.secret)){for(var s,r,n,a=l.querySelectorAll('iframe[data-secret=\"'+t.secret+'\"]'),o=l.querySelectorAll('blockquote[data-secret=\"'+t.secret+'\"]'),c=new RegExp(\"^https?:$\",\"i\"),i=0;i<o.length;i++)o[i].style.display=\"none\";for(i=0;i<a.length;i++)s=a[i],e.source===s.contentWindow&&(s.removeAttribute(\"style\"),\"height\"===t.message?(1e3<(r=parseInt(t.value,10))?r=1e3:~~r<200&&(r=200),s.height=r):\"link\"===t.message&&(r=new URL(s.getAttribute(\"src\")),n=new URL(t.value),c.test(n.protocol))&&n.host===r.host&&l.activeElement===s&&(d.top.location.href=t.value))}},d.addEventListener(\"message\",d.wp.receiveEmbedMessage,!1),l.addEventListener(\"DOMContentLoaded\",function(){for(var e,t,s=l.querySelectorAll(\"iframe.wp-embedded-content\"),r=0;r<s.length;r++)(t=(e=s[r]).getAttribute(\"data-secret\"))||(t=Math.random().toString(36).substring(2,12),e.src+=\"#?secret=\"+t,e.setAttribute(\"data-secret\",t)),e.contentWindow.postMessage({message:\"ready\",secret:t},\"*\")},!1)))}(window,document);\n\/\/# sourceURL=https:\/\/www.gino-caron.com\/photoblog\/wp-includes\/js\/wp-embed.min.js\n\/* ]]> *\/\n<\/script>\n","thumbnail_url":"https:\/\/www.gino-caron.com\/photoblog\/wp-content\/uploads\/2024\/03\/PANO0938_DxO-Panorama-copy.jpg","thumbnail_width":1500,"thumbnail_height":628,"description":"Au cr\u00e9puscule de l&rsquo;hiver, la nature offre un spectacle o\u00f9 le voile de la brume danse avec la lumi\u00e8re naissante. Le village se r\u00e9veille dans une \u00e9treinte givr\u00e9e, les toits saupoudr\u00e9s de blanc, les chemin\u00e9es timides sous le souffle du jour. Le clocher, fier et \u00e9lanc\u00e9, perce l&rsquo;onde cotonneuse pour saluer le soleil, astre timide [&hellip;]"}

Au crépuscule de l&rsquo;hiver, la nature offre un spectacle où le voile de la brume danse avec la lumière naissante. Le village se réveille dans une étreinte givrée, les toits saupoudrés de blanc, les cheminées timides sous le souffle du jour. Le clocher, fier et élancé, perce l&rsquo;onde cotonneuse pour saluer le soleil, astre timide [&hellip;]
