{"version":"1.0","provider_name":"Gino Caron Photographe","provider_url":"https:\/\/www.gino-caron.com\/photoblog","author_name":"Gino Caron","author_url":"https:\/\/www.gino-caron.com\/photoblog\/author\/electro76\/","title":"Les magnifiques couleurs de l'automne - Gino Caron Photographe","type":"rich","width":600,"height":338,"html":"<blockquote class=\"wp-embedded-content\" data-secret=\"j3UAee7fz4\"><a href=\"https:\/\/www.gino-caron.com\/photoblog\/les-magnifiques-couleurs-de-lautomne\/\">Les magnifiques couleurs de l&rsquo;automne<\/a><\/blockquote><iframe sandbox=\"allow-scripts\" security=\"restricted\" src=\"https:\/\/www.gino-caron.com\/photoblog\/les-magnifiques-couleurs-de-lautomne\/embed\/#?secret=j3UAee7fz4\" width=\"600\" height=\"338\" title=\"\u00ab\u00a0Les magnifiques couleurs de l&rsquo;automne\u00a0\u00bb &#8212; Gino Caron Photographe\" data-secret=\"j3UAee7fz4\" frameborder=\"0\" marginwidth=\"0\" marginheight=\"0\" scrolling=\"no\" class=\"wp-embedded-content\"><\/iframe><script type=\"text\/javascript\">\n\/* <![CDATA[ *\/\n\/*! This file is auto-generated *\/\n!function(d,l){\"use strict\";l.querySelector&&d.addEventListener&&\"undefined\"!=typeof URL&&(d.wp=d.wp||{},d.wp.receiveEmbedMessage||(d.wp.receiveEmbedMessage=function(e){var t=e.data;if((t||t.secret||t.message||t.value)&&!\/[^a-zA-Z0-9]\/.test(t.secret)){for(var s,r,n,a=l.querySelectorAll('iframe[data-secret=\"'+t.secret+'\"]'),o=l.querySelectorAll('blockquote[data-secret=\"'+t.secret+'\"]'),c=new RegExp(\"^https?:$\",\"i\"),i=0;i<o.length;i++)o[i].style.display=\"none\";for(i=0;i<a.length;i++)s=a[i],e.source===s.contentWindow&&(s.removeAttribute(\"style\"),\"height\"===t.message?(1e3<(r=parseInt(t.value,10))?r=1e3:~~r<200&&(r=200),s.height=r):\"link\"===t.message&&(r=new URL(s.getAttribute(\"src\")),n=new URL(t.value),c.test(n.protocol))&&n.host===r.host&&l.activeElement===s&&(d.top.location.href=t.value))}},d.addEventListener(\"message\",d.wp.receiveEmbedMessage,!1),l.addEventListener(\"DOMContentLoaded\",function(){for(var e,t,s=l.querySelectorAll(\"iframe.wp-embedded-content\"),r=0;r<s.length;r++)(t=(e=s[r]).getAttribute(\"data-secret\"))||(t=Math.random().toString(36).substring(2,12),e.src+=\"#?secret=\"+t,e.setAttribute(\"data-secret\",t)),e.contentWindow.postMessage({message:\"ready\",secret:t},\"*\")},!1)))}(window,document);\n\/\/# sourceURL=https:\/\/www.gino-caron.com\/photoblog\/wp-includes\/js\/wp-embed.min.js\n\/* ]]> *\/\n<\/script>\n","thumbnail_url":"https:\/\/www.gino-caron.com\/photoblog\/wp-content\/uploads\/2018\/09\/DSC05374-1.jpg","thumbnail_width":1500,"thumbnail_height":1000,"description":"Les pentes du Mont-Comi se parent de leur manteau automnal, un festival de couleurs chaudes qui transforme la montagne en une \u0153uvre d&rsquo;art vivante. Les arbres, flamboyants, semblent rivaliser de beaut\u00e9, leurs feuillages incandescents s&rsquo;opposant au bleu d\u00e9licat et nuageux du ciel. La vue plongeante offre un contraste saisissant entre la douceur des feuilles roussies [&hellip;]"}

Les pentes du Mont-Comi se parent de leur manteau automnal, un festival de couleurs chaudes qui transforme la montagne en une œuvre d&rsquo;art vivante. Les arbres, flamboyants, semblent rivaliser de beauté, leurs feuillages incandescents s&rsquo;opposant au bleu délicat et nuageux du ciel. La vue plongeante offre un contraste saisissant entre la douceur des feuilles roussies [&hellip;]
