{"version":"1.0","provider_name":"Gino Caron Photographe","provider_url":"https:\/\/www.gino-caron.com\/photoblog","author_name":"Gino Caron","author_url":"https:\/\/www.gino-caron.com\/photoblog\/author\/electro76\/","title":"Le Mont-Comi en automne - Gino Caron Photographe","type":"rich","width":600,"height":338,"html":"<blockquote class=\"wp-embedded-content\" data-secret=\"6ipnRhyWTI\"><a href=\"https:\/\/www.gino-caron.com\/photoblog\/le-mont-comi-en-automne\/\">Le Mont-Comi en automne<\/a><\/blockquote><iframe sandbox=\"allow-scripts\" security=\"restricted\" src=\"https:\/\/www.gino-caron.com\/photoblog\/le-mont-comi-en-automne\/embed\/#?secret=6ipnRhyWTI\" width=\"600\" height=\"338\" title=\"\u00ab\u00a0Le Mont-Comi en automne\u00a0\u00bb &#8212; Gino Caron Photographe\" data-secret=\"6ipnRhyWTI\" frameborder=\"0\" marginwidth=\"0\" marginheight=\"0\" scrolling=\"no\" class=\"wp-embedded-content\"><\/iframe><script type=\"text\/javascript\">\n\/* <![CDATA[ *\/\n\/*! This file is auto-generated *\/\n!function(d,l){\"use strict\";l.querySelector&&d.addEventListener&&\"undefined\"!=typeof URL&&(d.wp=d.wp||{},d.wp.receiveEmbedMessage||(d.wp.receiveEmbedMessage=function(e){var t=e.data;if((t||t.secret||t.message||t.value)&&!\/[^a-zA-Z0-9]\/.test(t.secret)){for(var s,r,n,a=l.querySelectorAll('iframe[data-secret=\"'+t.secret+'\"]'),o=l.querySelectorAll('blockquote[data-secret=\"'+t.secret+'\"]'),c=new RegExp(\"^https?:$\",\"i\"),i=0;i<o.length;i++)o[i].style.display=\"none\";for(i=0;i<a.length;i++)s=a[i],e.source===s.contentWindow&&(s.removeAttribute(\"style\"),\"height\"===t.message?(1e3<(r=parseInt(t.value,10))?r=1e3:~~r<200&&(r=200),s.height=r):\"link\"===t.message&&(r=new URL(s.getAttribute(\"src\")),n=new URL(t.value),c.test(n.protocol))&&n.host===r.host&&l.activeElement===s&&(d.top.location.href=t.value))}},d.addEventListener(\"message\",d.wp.receiveEmbedMessage,!1),l.addEventListener(\"DOMContentLoaded\",function(){for(var e,t,s=l.querySelectorAll(\"iframe.wp-embedded-content\"),r=0;r<s.length;r++)(t=(e=s[r]).getAttribute(\"data-secret\"))||(t=Math.random().toString(36).substring(2,12),e.src+=\"#?secret=\"+t,e.setAttribute(\"data-secret\",t)),e.contentWindow.postMessage({message:\"ready\",secret:t},\"*\")},!1)))}(window,document);\n\/\/# sourceURL=https:\/\/www.gino-caron.com\/photoblog\/wp-includes\/js\/wp-embed.min.js\n\/* ]]> *\/\n<\/script>\n","thumbnail_url":"https:\/\/www.gino-caron.com\/photoblog\/wp-content\/uploads\/2021\/09\/Group-0-PANO0001_PANO0026-27-images-copy.jpg","thumbnail_width":1500,"thumbnail_height":687,"description":"Samuel de Champlain mentionne le mont en 1611 mais ne lui donne pas de nom. La montagne est d\u00e9sign\u00e9e sous le nom de mont Carmel par Frankelin en 1686, puis au XVIIIe si\u00e8cle les cartographes Bellin en 1753, Anville en 1755, Carver en 1776 le nomment mont Camille. Cette d\u00e9nomination est aussi utilis\u00e9e par D. [&hellip;]"}

Samuel de Champlain mentionne le mont en 1611 mais ne lui donne pas de nom. La montagne est désignée sous le nom de mont Carmel par Frankelin en 1686, puis au XVIIIe siècle les cartographes Bellin en 1753, Anville en 1755, Carver en 1776 le nomment mont Camille. Cette dénomination est aussi utilisée par D. [&hellip;]
