{"version":"1.0","provider_name":"Gino Caron Photographe","provider_url":"https:\/\/www.gino-caron.com\/photoblog","author_name":"Gino Caron","author_url":"https:\/\/www.gino-caron.com\/photoblog\/author\/electro76\/","title":"Le long de la rivi\u00e8re Mitis - Gino Caron Photographe","type":"rich","width":600,"height":338,"html":"<blockquote class=\"wp-embedded-content\" data-secret=\"6h4PRiduTT\"><a href=\"https:\/\/www.gino-caron.com\/photoblog\/le-long-de-la-riviere-mitis-2\/\">Le long de la rivi\u00e8re Mitis<\/a><\/blockquote><iframe sandbox=\"allow-scripts\" security=\"restricted\" src=\"https:\/\/www.gino-caron.com\/photoblog\/le-long-de-la-riviere-mitis-2\/embed\/#?secret=6h4PRiduTT\" width=\"600\" height=\"338\" title=\"\u00ab\u00a0Le long de la rivi\u00e8re Mitis\u00a0\u00bb &#8212; Gino Caron Photographe\" data-secret=\"6h4PRiduTT\" frameborder=\"0\" marginwidth=\"0\" marginheight=\"0\" scrolling=\"no\" class=\"wp-embedded-content\"><\/iframe><script type=\"text\/javascript\">\n\/* <![CDATA[ *\/\n\/*! This file is auto-generated *\/\n!function(d,l){\"use strict\";l.querySelector&&d.addEventListener&&\"undefined\"!=typeof URL&&(d.wp=d.wp||{},d.wp.receiveEmbedMessage||(d.wp.receiveEmbedMessage=function(e){var t=e.data;if((t||t.secret||t.message||t.value)&&!\/[^a-zA-Z0-9]\/.test(t.secret)){for(var s,r,n,a=l.querySelectorAll('iframe[data-secret=\"'+t.secret+'\"]'),o=l.querySelectorAll('blockquote[data-secret=\"'+t.secret+'\"]'),c=new RegExp(\"^https?:$\",\"i\"),i=0;i<o.length;i++)o[i].style.display=\"none\";for(i=0;i<a.length;i++)s=a[i],e.source===s.contentWindow&&(s.removeAttribute(\"style\"),\"height\"===t.message?(1e3<(r=parseInt(t.value,10))?r=1e3:~~r<200&&(r=200),s.height=r):\"link\"===t.message&&(r=new URL(s.getAttribute(\"src\")),n=new URL(t.value),c.test(n.protocol))&&n.host===r.host&&l.activeElement===s&&(d.top.location.href=t.value))}},d.addEventListener(\"message\",d.wp.receiveEmbedMessage,!1),l.addEventListener(\"DOMContentLoaded\",function(){for(var e,t,s=l.querySelectorAll(\"iframe.wp-embedded-content\"),r=0;r<s.length;r++)(t=(e=s[r]).getAttribute(\"data-secret\"))||(t=Math.random().toString(36).substring(2,12),e.src+=\"#?secret=\"+t,e.setAttribute(\"data-secret\",t)),e.contentWindow.postMessage({message:\"ready\",secret:t},\"*\")},!1)))}(window,document);\n\/\/# sourceURL=https:\/\/www.gino-caron.com\/photoblog\/wp-includes\/js\/wp-embed.min.js\n\/* ]]> *\/\n<\/script>\n","thumbnail_url":"https:\/\/www.gino-caron.com\/photoblog\/wp-content\/uploads\/2022\/07\/DJI_0525-Panorama-copy.jpg","thumbnail_width":1500,"thumbnail_height":1017,"description":"La Rivi\u00e8re Mitis serpente avec gr\u00e2ce \u00e0 travers un paysage qui est un hymne \u00e0 la fertilit\u00e9 et \u00e0 la vie. Ses eaux claires tracent un chemin \u00e0 travers les champs verdoyants et les zones humides, t\u00e9moins de l&rsquo;abondance naturelle. Les collines douces se dressent en protectrices du tableau, leurs sommets bois\u00e9s se perdant dans [&hellip;]"}

Le long de la rivière Mitis - Gino Caron Photographe

<blockquote class="wp-embedded-content" data-secret="6h4PRiduTT"><a href="https://www.gino-caron.com/photoblog/le-long-de-la-riviere-mitis-2/">Le long de la rivière Mitis</a></blockquote><iframe sandbox="allow-scripts" security="restricted" src="https://www.gino-caron.com/photoblog/le-long-de-la-riviere-mitis-2/embed/#?secret=6h4PRiduTT" width="600" height="338" title="« Le long de la rivière Mitis » &#8212; Gino Caron Photographe" data-secret="6h4PRiduTT" frameborder="0" marginwidth="0" marginheight="0" scrolling="no" class="wp-embedded-content"></iframe><script type="text/javascript">
/* <![CDATA[ */
/*! This file is auto-generated */
!function(d,l){"use strict";l.querySelector&&d.addEventListener&&"undefined"!=typeof URL&&(d.wp=d.wp||{},d.wp.receiveEmbedMessage||(d.wp.receiveEmbedMessage=function(e){var t=e.data;if((t||t.secret||t.message||t.value)&&!/[^a-zA-Z0-9]/.test(t.secret)){for(var s,r,n,a=l.querySelectorAll('iframe[data-secret="'+t.secret+'"]'),o=l.querySelectorAll('blockquote[data-secret="'+t.secret+'"]'),c=new RegExp("^https?:$","i"),i=0;i<o.length;i++)o[i].style.display="none";for(i=0;i<a.length;i++)s=a[i],e.source===s.contentWindow&&(s.removeAttribute("style"),"height"===t.message?(1e3<(r=parseInt(t.value,10))?r=1e3:~~r<200&&(r=200),s.height=r):"link"===t.message&&(r=new URL(s.getAttribute("src")),n=new URL(t.value),c.test(n.protocol))&&n.host===r.host&&l.activeElement===s&&(d.top.location.href=t.value))}},d.addEventListener("message",d.wp.receiveEmbedMessage,!1),l.addEventListener("DOMContentLoaded",function(){for(var e,t,s=l.querySelectorAll("iframe.wp-embedded-content"),r=0;r<s.length;r++)(t=(e=s[r]).getAttribute("data-secret"))||(t=Math.random().toString(36).substring(2,12),e.src+="#?secret="+t,e.setAttribute("data-secret",t)),e.contentWindow.postMessage({message:"ready",secret:t},"*")},!1)))}(window,document);
//# sourceURL=https://www.gino-caron.com/photoblog/wp-includes/js/wp-embed.min.js
/* ]]> */
</script>

La Rivière Mitis serpente avec grâce à travers un paysage qui est un hymne à la fertilité et à la vie. Ses eaux claires tracent un chemin à travers les champs verdoyants et les zones humides, témoins de l&rsquo;abondance naturelle. Les collines douces se dressent en protectrices du tableau, leurs sommets boisés se perdant dans [&hellip;]
