{"version":"1.0","provider_name":"Gino Caron Photographe","provider_url":"https:\/\/www.gino-caron.com\/photoblog","author_name":"Gino Caron","author_url":"https:\/\/www.gino-caron.com\/photoblog\/author\/electro76\/","title":"Juste apr\u00e8s le coucher du soleil - Gino Caron Photographe","type":"rich","width":600,"height":338,"html":"<blockquote class=\"wp-embedded-content\" data-secret=\"cKioh4bh1Y\"><a href=\"https:\/\/www.gino-caron.com\/photoblog\/juste-apres-le-coucher-du-soleil\/\">Juste apr\u00e8s le coucher du soleil<\/a><\/blockquote><iframe sandbox=\"allow-scripts\" security=\"restricted\" src=\"https:\/\/www.gino-caron.com\/photoblog\/juste-apres-le-coucher-du-soleil\/embed\/#?secret=cKioh4bh1Y\" width=\"600\" height=\"338\" title=\"\u00ab\u00a0Juste apr\u00e8s le coucher du soleil\u00a0\u00bb &#8212; Gino Caron Photographe\" data-secret=\"cKioh4bh1Y\" frameborder=\"0\" marginwidth=\"0\" marginheight=\"0\" scrolling=\"no\" class=\"wp-embedded-content\"><\/iframe><script type=\"text\/javascript\">\n\/* <![CDATA[ *\/\n\/*! This file is auto-generated *\/\n!function(d,l){\"use strict\";l.querySelector&&d.addEventListener&&\"undefined\"!=typeof URL&&(d.wp=d.wp||{},d.wp.receiveEmbedMessage||(d.wp.receiveEmbedMessage=function(e){var t=e.data;if((t||t.secret||t.message||t.value)&&!\/[^a-zA-Z0-9]\/.test(t.secret)){for(var s,r,n,a=l.querySelectorAll('iframe[data-secret=\"'+t.secret+'\"]'),o=l.querySelectorAll('blockquote[data-secret=\"'+t.secret+'\"]'),c=new RegExp(\"^https?:$\",\"i\"),i=0;i<o.length;i++)o[i].style.display=\"none\";for(i=0;i<a.length;i++)s=a[i],e.source===s.contentWindow&&(s.removeAttribute(\"style\"),\"height\"===t.message?(1e3<(r=parseInt(t.value,10))?r=1e3:~~r<200&&(r=200),s.height=r):\"link\"===t.message&&(r=new URL(s.getAttribute(\"src\")),n=new URL(t.value),c.test(n.protocol))&&n.host===r.host&&l.activeElement===s&&(d.top.location.href=t.value))}},d.addEventListener(\"message\",d.wp.receiveEmbedMessage,!1),l.addEventListener(\"DOMContentLoaded\",function(){for(var e,t,s=l.querySelectorAll(\"iframe.wp-embedded-content\"),r=0;r<s.length;r++)(t=(e=s[r]).getAttribute(\"data-secret\"))||(t=Math.random().toString(36).substring(2,12),e.src+=\"#?secret=\"+t,e.setAttribute(\"data-secret\",t)),e.contentWindow.postMessage({message:\"ready\",secret:t},\"*\")},!1)))}(window,document);\n\/\/# sourceURL=https:\/\/www.gino-caron.com\/photoblog\/wp-includes\/js\/wp-embed.min.js\n\/* ]]> *\/\n<\/script>\n","thumbnail_url":"https:\/\/www.gino-caron.com\/photoblog\/wp-content\/uploads\/2023\/04\/PANO0011-Panorama-copy.jpg","thumbnail_width":1500,"thumbnail_height":1059,"description":"Le cr\u00e9puscule teinte le ciel de nuances pastels sur cette sc\u00e8ne printani\u00e8re paisible. La neige encore pr\u00e9sente capte les derniers \u00e9clats du soleil couchant, \u00e9parpillant une douce lueur sur le village endormi. Le contraste entre le blanc immacul\u00e9 du paysage hivernal et les premiers signes d&rsquo;une nature qui s&rsquo;\u00e9veille \u00e9voque le renouveau et la tranquillit\u00e9. [&hellip;]"}

Juste après le coucher du soleil - Gino Caron Photographe

<blockquote class="wp-embedded-content" data-secret="cKioh4bh1Y"><a href="https://www.gino-caron.com/photoblog/juste-apres-le-coucher-du-soleil/">Juste après le coucher du soleil</a></blockquote><iframe sandbox="allow-scripts" security="restricted" src="https://www.gino-caron.com/photoblog/juste-apres-le-coucher-du-soleil/embed/#?secret=cKioh4bh1Y" width="600" height="338" title="« Juste après le coucher du soleil » &#8212; Gino Caron Photographe" data-secret="cKioh4bh1Y" frameborder="0" marginwidth="0" marginheight="0" scrolling="no" class="wp-embedded-content"></iframe><script type="text/javascript">
/* <![CDATA[ */
/*! This file is auto-generated */
!function(d,l){"use strict";l.querySelector&&d.addEventListener&&"undefined"!=typeof URL&&(d.wp=d.wp||{},d.wp.receiveEmbedMessage||(d.wp.receiveEmbedMessage=function(e){var t=e.data;if((t||t.secret||t.message||t.value)&&!/[^a-zA-Z0-9]/.test(t.secret)){for(var s,r,n,a=l.querySelectorAll('iframe[data-secret="'+t.secret+'"]'),o=l.querySelectorAll('blockquote[data-secret="'+t.secret+'"]'),c=new RegExp("^https?:$","i"),i=0;i<o.length;i++)o[i].style.display="none";for(i=0;i<a.length;i++)s=a[i],e.source===s.contentWindow&&(s.removeAttribute("style"),"height"===t.message?(1e3<(r=parseInt(t.value,10))?r=1e3:~~r<200&&(r=200),s.height=r):"link"===t.message&&(r=new URL(s.getAttribute("src")),n=new URL(t.value),c.test(n.protocol))&&n.host===r.host&&l.activeElement===s&&(d.top.location.href=t.value))}},d.addEventListener("message",d.wp.receiveEmbedMessage,!1),l.addEventListener("DOMContentLoaded",function(){for(var e,t,s=l.querySelectorAll("iframe.wp-embedded-content"),r=0;r<s.length;r++)(t=(e=s[r]).getAttribute("data-secret"))||(t=Math.random().toString(36).substring(2,12),e.src+="#?secret="+t,e.setAttribute("data-secret",t)),e.contentWindow.postMessage({message:"ready",secret:t},"*")},!1)))}(window,document);
//# sourceURL=https://www.gino-caron.com/photoblog/wp-includes/js/wp-embed.min.js
/* ]]> */
</script>

Le crépuscule teinte le ciel de nuances pastels sur cette scène printanière paisible. La neige encore présente capte les derniers éclats du soleil couchant, éparpillant une douce lueur sur le village endormi. Le contraste entre le blanc immaculé du paysage hivernal et les premiers signes d&rsquo;une nature qui s&rsquo;éveille évoque le renouveau et la tranquillité. [&hellip;]
