{"version":"1.0","provider_name":"Gino Caron Photographe","provider_url":"https:\/\/www.gino-caron.com\/photoblog","author_name":"Gino Caron","author_url":"https:\/\/www.gino-caron.com\/photoblog\/author\/electro76\/","title":"Aurore bor\u00e9ale du 11 ao\u00fbt 2024 II - Gino Caron Photographe","type":"rich","width":600,"height":338,"html":"<blockquote class=\"wp-embedded-content\" data-secret=\"Hbh6poEnGQ\"><a href=\"https:\/\/www.gino-caron.com\/photoblog\/aurore-boreale-du-11-aout-2024-ii\/\">Aurore bor\u00e9ale du 11 ao\u00fbt 2024 II<\/a><\/blockquote><iframe sandbox=\"allow-scripts\" security=\"restricted\" src=\"https:\/\/www.gino-caron.com\/photoblog\/aurore-boreale-du-11-aout-2024-ii\/embed\/#?secret=Hbh6poEnGQ\" width=\"600\" height=\"338\" title=\"\u00ab\u00a0Aurore bor\u00e9ale du 11 ao\u00fbt 2024 II\u00a0\u00bb &#8212; Gino Caron Photographe\" data-secret=\"Hbh6poEnGQ\" frameborder=\"0\" marginwidth=\"0\" marginheight=\"0\" scrolling=\"no\" class=\"wp-embedded-content\"><\/iframe><script type=\"text\/javascript\">\n\/* <![CDATA[ *\/\n\/*! This file is auto-generated *\/\n!function(d,l){\"use strict\";l.querySelector&&d.addEventListener&&\"undefined\"!=typeof URL&&(d.wp=d.wp||{},d.wp.receiveEmbedMessage||(d.wp.receiveEmbedMessage=function(e){var t=e.data;if((t||t.secret||t.message||t.value)&&!\/[^a-zA-Z0-9]\/.test(t.secret)){for(var s,r,n,a=l.querySelectorAll('iframe[data-secret=\"'+t.secret+'\"]'),o=l.querySelectorAll('blockquote[data-secret=\"'+t.secret+'\"]'),c=new RegExp(\"^https?:$\",\"i\"),i=0;i<o.length;i++)o[i].style.display=\"none\";for(i=0;i<a.length;i++)s=a[i],e.source===s.contentWindow&&(s.removeAttribute(\"style\"),\"height\"===t.message?(1e3<(r=parseInt(t.value,10))?r=1e3:~~r<200&&(r=200),s.height=r):\"link\"===t.message&&(r=new URL(s.getAttribute(\"src\")),n=new URL(t.value),c.test(n.protocol))&&n.host===r.host&&l.activeElement===s&&(d.top.location.href=t.value))}},d.addEventListener(\"message\",d.wp.receiveEmbedMessage,!1),l.addEventListener(\"DOMContentLoaded\",function(){for(var e,t,s=l.querySelectorAll(\"iframe.wp-embedded-content\"),r=0;r<s.length;r++)(t=(e=s[r]).getAttribute(\"data-secret\"))||(t=Math.random().toString(36).substring(2,12),e.src+=\"#?secret=\"+t,e.setAttribute(\"data-secret\",t)),e.contentWindow.postMessage({message:\"ready\",secret:t},\"*\")},!1)))}(window,document);\n\/\/# sourceURL=https:\/\/www.gino-caron.com\/photoblog\/wp-includes\/js\/wp-embed.min.js\n\/* ]]> *\/\n<\/script>\n","thumbnail_url":"https:\/\/www.gino-caron.com\/photoblog\/wp-content\/uploads\/2024\/08\/DSC06411_DxO-copy.jpg","thumbnail_width":1500,"thumbnail_height":1000,"description":"Dans la nuit \u00e9toil\u00e9e de St-Donat, un spectacle c\u00e9leste se d\u00e9ploie avec gr\u00e2ce. L'aurore bor\u00e9ale, telle une vague d'\u00e9meraude, ondule au-dessus d'un paysage endormi. Les lueurs verdoyantes dansent parmi les \u00e9toiles, cr\u00e9ant un voile lumineux qui embrasse le ciel nocturne. Au premier plan, un champ dor\u00e9 par s'\u00e9tend, t\u00e9moin silencieux de cette f\u00e9erie nocturne. La ligne d'horizon, ponctu\u00e9e d'arbres aux teintes chaudes et de conif\u00e8res sombres, accueille le clocher blanc de l'\u00e9glise, phare terrestre sous cette mer c\u00e9leste.Cette symphonie de couleurs, o\u00f9 le vert \u00e9th\u00e9r\u00e9 du ciel rencontre les tons chauds de la terre, capture l'essence magique des nuits bor\u00e9ales qu\u00e9b\u00e9coises, invitant \u00e0 la contemplation et \u00e0 l'\u00e9merveillement face \u00e0 la beaut\u00e9 sauvage de la nature."}

Aurore boréale du 11 août 2024 II - Gino Caron Photographe

<blockquote class="wp-embedded-content" data-secret="Hbh6poEnGQ"><a href="https://www.gino-caron.com/photoblog/aurore-boreale-du-11-aout-2024-ii/">Aurore boréale du 11 août 2024 II</a></blockquote><iframe sandbox="allow-scripts" security="restricted" src="https://www.gino-caron.com/photoblog/aurore-boreale-du-11-aout-2024-ii/embed/#?secret=Hbh6poEnGQ" width="600" height="338" title="« Aurore boréale du 11 août 2024 II » &#8212; Gino Caron Photographe" data-secret="Hbh6poEnGQ" frameborder="0" marginwidth="0" marginheight="0" scrolling="no" class="wp-embedded-content"></iframe><script type="text/javascript">
/* <![CDATA[ */
/*! This file is auto-generated */
!function(d,l){"use strict";l.querySelector&&d.addEventListener&&"undefined"!=typeof URL&&(d.wp=d.wp||{},d.wp.receiveEmbedMessage||(d.wp.receiveEmbedMessage=function(e){var t=e.data;if((t||t.secret||t.message||t.value)&&!/[^a-zA-Z0-9]/.test(t.secret)){for(var s,r,n,a=l.querySelectorAll('iframe[data-secret="'+t.secret+'"]'),o=l.querySelectorAll('blockquote[data-secret="'+t.secret+'"]'),c=new RegExp("^https?:$","i"),i=0;i<o.length;i++)o[i].style.display="none";for(i=0;i<a.length;i++)s=a[i],e.source===s.contentWindow&&(s.removeAttribute("style"),"height"===t.message?(1e3<(r=parseInt(t.value,10))?r=1e3:~~r<200&&(r=200),s.height=r):"link"===t.message&&(r=new URL(s.getAttribute("src")),n=new URL(t.value),c.test(n.protocol))&&n.host===r.host&&l.activeElement===s&&(d.top.location.href=t.value))}},d.addEventListener("message",d.wp.receiveEmbedMessage,!1),l.addEventListener("DOMContentLoaded",function(){for(var e,t,s=l.querySelectorAll("iframe.wp-embedded-content"),r=0;r<s.length;r++)(t=(e=s[r]).getAttribute("data-secret"))||(t=Math.random().toString(36).substring(2,12),e.src+="#?secret="+t,e.setAttribute("data-secret",t)),e.contentWindow.postMessage({message:"ready",secret:t},"*")},!1)))}(window,document);
//# sourceURL=https://www.gino-caron.com/photoblog/wp-includes/js/wp-embed.min.js
/* ]]> */
</script>

Dans la nuit étoilée de St-Donat, un spectacle céleste se déploie avec grâce. L'aurore boréale, telle une vague d'émeraude, ondule au-dessus d'un paysage endormi. Les lueurs verdoyantes dansent parmi les étoiles, créant un voile lumineux qui embrasse le ciel nocturne. Au premier plan, un champ doré par s'étend, témoin silencieux de cette féerie nocturne. La ligne d'horizon, ponctuée d'arbres aux teintes chaudes et de conifères sombres, accueille le clocher blanc de l'église, phare terrestre sous cette mer céleste.Cette symphonie de couleurs, où le vert éthéré du ciel rencontre les tons chauds de la terre, capture l'essence magique des nuits boréales québécoises, invitant à la contemplation et à l'émerveillement face à la beauté sauvage de la nature.
